 + 2 + 3*m**2 + 4*m**2. Give l(-2).
10
Let h(l) be the first derivative of 5 + 3*l + 1/3*l**3 - 1/4*l**4 - l**2. Calculate h(2).
-5
Let f(q) = -q**3 + 3*q**2. Let a(p) = -p + 7. Let u be a(5). Suppose u - 4 = -b. Determine f(b).
4
Let s(v) = -v**2 - 3*v + 2. Suppose 0 = -4*c - 3*g - 31, -5*c + 0*c = -3*g + 5. Let u be s(c). Let m(z) = 2*z**3 + 2*z**2 - 1. Calculate m(u).
-9
Let n = -7 - -3. Let v(c) be the first derivative of -c**3 - 3*c + 1 - 1/4*c**4 + 3/2*c**2. Determine v(n).
1
Let w be 2/2 - (2 + -2). Suppose -2 = c + w. Let n(o) = 4*o**2 - o - 4. Let r(k) = -k**2. Let s(h) = -n(h) - 3*r(h). Calculate s(c).
-8
Let f(z) = -3*z - 2 + 2*z - 4*z + 1. Calculate f(-4).
19
Let l(i) = -2*i - 2. Let n be l(-3). Let t(b) = 7*b - 5. Let g(o) = -20*o + 15. Let h = -9 + 20. Let r(u) = h*t(u) + 4*g(u). What is r(n)?
-7
Let z(b) = 2*b + 9. Let d = 23 + -29. Determine z(d).
-3
Let x(k) be the first derivative of -k**2/2 + 2*k - 1. Let o(p) = p**3 - p**2 + p - 1. Let c(b) = -b. Let s be c(-2). Let g be o(s). Determine x(g).
-3
Let g(x) = x**3 - 6*x**2 + 9*x - 6. Let z(i) = 2*i**3 - 12*i**2 + 19*i - 12. Let o(c) = -5*g(c) + 2*z(c). Let n be 1 - -5 - 3/3. Give o(n).
-4
Let w(k) = -24 - k**3 + 15 + 6 + 3*k**2 + 3*k. Let h be -3*(0 - (-1)/1). Let z be h/2*8/(-3). Determine w(z).
-7
Let n(v) = v**2 + v + 3. Let t(o) = -5*o**2 - 3*o + 0*o**2 + 6*o**2. Let y be t(4). Suppose 0*l = -y*l. What is n(l)?
3
Let h(y) = y + 1. Let i be ((-5)/2)/(4/(-8)). Let f(m) = 4*m + 2. Let p(r) = i*h(r) - f(r). Suppose 0 = k - 0*c + c + 4, -3*c + 8 = -2*k. What is p(k)?
-1
Let y(s) = 2*s + 7. Let u be y(-3). Let p be 2*(0 - 1 - u). Let n(z) = z**2 + 5*z - 1. Determine n(p).
-5
Let r(o) = 8*o**2 + 4*o - 11. Let d(a) = 3*a**2 + a - 4. Let g(s) = -11*d(s) + 4*r(s). Suppose -5*u + 0*y - 3*y = -22, 2*y + 22 = 4*u. Calculate g(u).
0
Let b = -32 + 43. Let a(y) = y**3 - 10*y**2 - 12*y + 12. Calculate a(b).
1
Let v be 9/5 - 1/(-5). Let i(w) = -w**2 - 7*w - 4. Let y be i(-6). Suppose -3*u = y*g - 4, v*u - 2*g + 12 = u. Let c(x) = -5*x - 3. Determine c(u).
7
Suppose 6*m - 3*m = 36. Suppose m + 3 = -5*y. Let c(k) = -k**3 - 4*k**2 + 4*k. Let a(w) = 2*w**3 + 7*w**2 - 8*w - 1. Let h(f) = y*a(f) - 5*c(f). What is h(-2)?
-1
Let f(o) be the first derivative of -o**4/4 + 2*o**3 - o**2/2 + o + 2. Let u be 5 - (12/6 + -3). Give f(u).
-5
Let i(v) = -4*v**2 - 2*v - 1. Let z = -16 + 8. Let j(d) = -2*d - 17. Let w be j(z). What is i(w)?
-3
Let g be ((-12)/14)/(2/(-14)). Let y be (-92)/(-6)*g/4. Suppose -5*q - y = -2*r, -4*r + 9*r - 10 = 3*q. Let z(f) = -f**3 - 6*f**2 - 6*f - 1. Calculate z(q).
4
Let k(y) = -2*y + 5*y - y + 4. Give k(-5).
-6
Let v(l) = l - 4. Let t(g) = -g**2 - 7*g - 5. Let d be t(-7). Give v(d).
-9
Let x(j) = -j**3 + 6*j**2 + 2*j - 9. Let y be x(6). Let t(n) = -2*n - n**2 + y*n**2 - 4*n - 3*n**2 - 3. Let q be (-2)/((-2)/(-2))*2. Determine t(q).
5
Let c(k) = 2*k + 9. Suppose -3*z - 25 = -4. Calculate c(z).
-5
Let x(z) = 7*z**2 + 2*z - 1. Let k = -13 + 12. Let n be -1 + 1 - (k - 0). Calculate x(n).
8
Suppose m - 65 = 5*j + 4*m, -3*j + 4*m - 10 = 0. Let l(h) = -h**3 - 10*h**2 - h - 6. Determine l(j).
4
Suppose 5*c - z = 4*z + 20, 0 = 4*c - 5*z - 18. Let t(b) = -1 - 5 - 3*b + c*b + 1. Calculate t(-6).
1
Let v(a) = a**2 + 8*a + 9. Let n be v(-7). Let l(t) = -2*t + 3*t**2 + 1 - n*t**2 - 6*t**2 + 4*t**2. Suppose -k = -0 - 2. Determine l(k).
-7
Let w(h) = -h**2 - 3*h + 3. Let o be (-18)/5*20/(-3). Suppose 0*z - 5*z = -3*j - 5, -o = 4*j + 2*z. Calculate w(j).
-7
Let f(j) = -2*j - 2. Let d be f(-2). Let w(t) = -2 + 0 + t + t - 5*t**d + 4*t**2. Determine w(3).
-5
Let c(p) be the second derivative of -p**5/10 - p**4/6 - p. Suppose -4*o + 24 = -4*y, 0 = -2*o + 2*y + 3*y + 18. Suppose -4 = 6*w - o*w. Give c(w).
8
Let d(k) = k**2 + 12*k - 4. Let h(s) = s**2 + 18*s - 6. Let w(t) = 7*d(t) - 5*h(t). Calculate w(4).
10
Suppose 0 = 3*q - u + 15, -q + 0*q - 3*u - 5 = 0. Let i(x) = x + 2. Determine i(q).
-3
Let m(i) = 2*i + 3. Suppose -5 = -4*f - 25. Calculate m(f).
-7
Let t(y) = y**3 - 2*y**2 + y - 2. Let b be t(2). Let q(g) = 11 - g - 11. Calculate q(b).
0
Let d(l) = l. Suppose 5*g = -10, 3*g - 10 + 0 = -2*q. Let o = q - 3. What is d(o)?
5
Let m(a) = -6*a**3 + a**2 - 1. Let d be (-7)/14*(-2 - -4) - 0. Calculate m(d).
6
Let k(y) = -10*y**2 + 2*y + 3. Suppose -4*m - 4*z + 22 = -10, 33 = 4*m + 3*z. Let x(u) = -41*u**2 + 8*u + 13. Let n(i) = m*k(i) - 2*x(i). Give n(-1).
-9
Let o be (6/(-4))/(16/(-32)). Let v(j) = -o*j**3 + 5*j**2 - 4*j + 6*j**3 - 3 - 4*j**3 + j. What is v(4)?
1
Let m(b) = 4*b - 2. Let y(x) = -4*x + 3. Let j(q) = 4*m(q) + 3*y(q). Suppose 0 = -7*a + 5*a - 2. Calculate j(a).
-3
Suppose 2*n = -3*b - 28, -7 - 1 = -2*b + 4*n. Let c(u) = -u**3 - 7*u**2 - 5*u - 2. Determine c(b).
-8
Let m(f) be the third derivative of -1/24*f**4 + f**2 + 2/3*f**3 + 0*f + 0. Calculate m(3).
1
Let m(b) = -b**3 - 2*b**2 + b. Suppose -15 = 2*i - 7*i. Let d be ((-12)/i)/(4/2). What is m(d)?
-2
Let x(s) = s**3 + 7*s**2 + 7*s + 8. Let d = 5 + -3. Let q be -1*(d - 1)*18. Let u be (4/(-3))/((-4)/q). Calculate x(u).
2
Suppose -4*b + 13 = t, 2*t + t = -5*b + 25. Let j be 3 - ((t - 2) + -9). Let r be (j - 0)*4/6. Let k(v) = v**3 - 6*v**2 - v + 4. Calculate k(r).
-2
Let b(q) be the second derivative of -1/20*q**5 - 5/2*q**2 - 1/3*q**3 + q + 0 - 1/2*q**4. What is b(-6)?
7
Let c(a) = 9*a - 2. Let j(p) = 2*p - 1. Let z(m) = -c(m) + j(m). Calculate z(1).
-6
Suppose 6*k - 8*k - 6 = 0. Let v be (-4)/k*3/(-2). Let j(o) = o**3 + 6*o**2 - 4*o**2 - 2*o - 2 + o. Calculate j(v).
0
Let d(b) = b**2 - 3. Let p(a) = -a + 5. Let u be p(5). Suppose u = 2*j - j - 10. Let r = -7 + j. Calculate d(r).
6
Let h(m) = 0*m + 0*m - m. Calculate h(7).
-7
Let o(k) be the first derivative of 1/2*k**2 - 2 + 2*k. Let a be (-4)/(-8) + (-1)/2. Determine o(a).
2
Suppose -4*w = -9*w + 10. Let x be (w + -1)/(4/12). Suppose 0 = -3*d - x*v - v + 3, -5 = -5*d + 2*v. Let c(o) = -3*o**3 + o - 1. Determine c(d).
-3
Let r(s) = -1 + 4*s + 0*s - 3*s + s**3 + 0*s - s**2. Let n(t) = 3*t**3 + 2*t**2 - t + 5. Let u(d) = -n(d) + 2*r(d). Give u(-5).
3
Let f(u) = -u - 1. Suppose 2*x - 22 = -5*m, 6 = x + m - 2. Determine f(x).
-7
Let g(k) = 3*k - 2. Let t be -3*(-5)/(-3)*-1. Suppose 5*y - 5 = t. Suppose 5*n = 4*m - 31, y*m - 25 = -2*m + 3*n. Determine g(m).
10
Suppose 5*l - 9 = 1. Let g(a) = -4 - 3*a**2 + 5*a**2 + 0*a + a**3 - 6*a + 3*a**l. Calculate g(-6).
-4
Let z = 29 + -27. Let c(h) be the first derivative of 11/2*h**z + h - 1. Determine c(-1).
-10
Suppose 0*y + 4*a - 2 = 5*y, 0 = 4*y + 5*a - 23. Let l = y - 2. Let o(m) = -4*m - 7 + 3*m + 0*m. Calculate o(l).
-7
Let d = 28 - 27. Let k(n) = 3*n**3 + n - 1. Determine k(d).
3
Let v(g) be the second derivative of -g**3/3 - g**2/2 + g. Suppose 10 = -q + 3*q. Suppose s = -4*s - q. Determine v(s).
1
Let a be ((1 + -1)/2)/2. Let s be 1 + a + 2 + 0. Let j(v) = -6*v + s*v + 4*v + 4. Give j(-4).
0
Let j be (4/2)/2*1. Let q(b) be the second derivative of b**3/3 - 4*b + 1. Calculate q(j).
2
Let d(k) = -k**2 + k. Let h(j) = -j**2 + 6*j**2 + 6 + 2*j**2 - 7*j - j**3 + 3*j**2. Let g(v) = 5*d(v) + h(v). What is g(5)?
-4
Let g be (-6)/((-1)/(2 + -1)). Let i(r) = r - 1. Calculate i(g).
5
Let d(f) = -3*f + 11. Let t be (-4)/14 + (-316)/(-28). Let k(o) = -o + 4. Let b(a) = t*k(a) - 4*d(a). Give b(-1).
-1
Let y be 2 - (-1 + 12)/1. Let v(g) = g**2 + 10*g + 4. Let j be v(y). Let t(n) = -3*n**2 + 3 + 2*n**2 + 2 + 2*n**2 + 4*n. Give t(j).
10
Let h(s) = -2*s + 0*s + 2*s - 2*s - 4. Let w be (-2)/(-3)*18/4. Determine h(w).
-10
Let q(t) = t**2 - 7*t + 5. Let f be 30/9 - 2/6. Suppose 5*j - 20 = 6*z - f*z, j = z + 6. Let o = 10 + z. What is q(o)?
-5
Let c(q) = -q + 1. Let k(u) be the third derivative of -u**5/60 - u**3 - 2*u**2. Let g(z) = 3*c(z) + k(z). Let w be g(-3). Let j(d) = d + 5. What is j(w)?
2
Let v(r) = r - 3. Let s = -47 - -28. Let l = -14 - s. Calculate v(l).
2
Let o(u) = u**2 + 7*u + 7. Let l(f) = -f**3 + 10*f**2 - 9*f - 6. Let h be l(9). Determine o(h).
1
Let i be ((-4)/6)/((-4)/(-12)). Let v be (-3)/((-6)/8*i). Let t be -1 - 3 - (v - 0). Let k(y) = 4*y + 1. Give k(t).
-7
Let k(f) = 3*f + 15. Let u be k(-7). Let b = u + 11. Let q(l) = l**3 - 6*l**2 + 4*l - 6. Give q(b).
-11
Let t(j) = -j + 2. Let l(m) = -m + 4. Suppose 0*r = -3*r + 18. Let a be 